) = 2*q - 2. Let j(t) = 3*k(t) - 8*w(t). Give j(v).
-5
Let c(n) be the first derivative of 2*n**3/3 + 7. What is c(-2)?
8
Let l be ((-5)/2)/(-5) + (-2)/(-4). Let a(h) = 5*h**3 + 5*h**2 + 5*h + 9. Let t(i) = 2*i**3 + 3*i**2 + 3*i + 5. Let v(s) = 4*a(s) - 7*t(s). Determine v(l).
5
Suppose -51 = -14*b + 19. Let u(d) be the third derivative of 0 + 0*d + 1/60*d**b + 2/3*d**3 + d**2 + 5/24*d**4. Calculate u(-4).
0
Let o(b) = b**2 + 4*b**2 - 76 + b + 77. Calculate o(-1).
5
Let w(z) = z**2 + 3*z - 2. Let f(a) = a**3 - a**2 - 4*a + 3. Let x be f(3). Let g = x + -9. Suppose -12 = 3*t - g*t. Determine w(t).
2
Let w(t) be the first derivative of -t**6/360 + t**5/30 - t**4/24 - t**3 - 3. Let q(m) be the third derivative of w(m). Give q(5).
-6
Let c(q) = -q**3 + 8*q**2 + 10*q - 4. Let m be c(9). Let l(w) = -3 + 0*w - 6*w + m*w + 0*w. Calculate l(-2).
-1
Let c(z) be the first derivative of z**4/12 + z**3/6 - z**2 - 2. Let o(t) be the second derivative of c(t). Give o(2).
5
Let m(q) be the third derivative of -1/60*q**5 + 0 + 2/3*q**3 + 0*q + 7*q**2 + 1/4*q**4. Determine m(5).
9
Let t(z) = -z**2 + 6*z - 6. Let k be t(5). Let w be 1/((-3)/(14 - k)). Let d(v) = v**2 + 6*v + 5. Calculate d(w).
0
Let v(x) be the second derivative of x**5/20 - x**4/4 - 5*x**3/6 + 5*x**2/2 - 6*x. Give v(4).
1
Let y(h) be the third derivative of h**4/12 + 3*h**3/2 - 3*h**2. Let a be y(-6). Let d(p) = p + 3. Determine d(a).
0
Let t(y) = 3*y - 4*y + 72 - 21 - 34. Give t(8).
9
Let s(q) = -6*q + 5 + q + 4*q. Calculate s(4).
1
Let l(v) be the third derivative of -v**4/12 + v**3 - 5*v**2. Let g = -5 + 7. Let x = g + 2. What is l(x)?
-2
Let t(h) = -8*h + 7. Let a(r) = -7*r + 6. Let d(p) = 6*a(p) - 5*t(p). Determine d(3).
-5
Let m(t) = 1 - t - 6 + 8*t - t**2. What is m(6)?
1
Let j(k) = -k**2 - 5*k + 5. Let g be (-296)/(-10) - 4/(-10). Suppose l = -n + 6, 4*n - 5*l = 6*n - 15. Suppose -n*b = -s + 30, -4*s - s = 5*b + g. Give j(b).
-1
Let q(i) = -i**3 - 5. Suppose 0 + 2 = k. Let u be ((-12)/(-8))/(k/(-4)). Let c(o) = -3*o**3 + o - 14. Let t(v) = u*c(v) + 8*q(v). Calculate t(2).
4
Let g = 109 + -110. Let a(p) = -30*p**3 + 2*p + 1. Calculate a(g).
29
Let b(x) = 5*x - x**2 - 6*x + 2*x. Let j(z) = 7*z**2 - 2*z + 3. Let l(d) = -6*b(d) - j(d). Calculate l(-5).
-8
Let k(f) = 3*f - 2*f - 12*f + 9 + f**3 + 7*f**2 + 5*f. Calculate k(-8).
-7
Let u(k) = -10 + 23 - 8 - k - 6. Let p(m) = -m**2 + m + 2. Let w be p(-2). What is u(w)?
3
Let g(i) be the second derivative of -1/6*i**4 + 0 - 2*i - 1/3*i**3 - 1/2*i**2 + 1/4*i**5. Suppose 2*o = 4*f + 10, -3*f = -6*f + 2*o - 9. Give g(f).
-6
Suppose 0 + 6 = 3*m. Let t(a) = 0*a + 0 + 0*a**2 - 2 + a**m - 3*a. Let x(o) = -o + 6. Let r be x(3). Calculate t(r).
-2
Suppose 0 = -13*q + 28 + 37. Let a(j) be the third derivative of j**6/120 - j**5/15 - 5*j**4/24 - j**3/2 + j**2. What is a(q)?
-3
Let q(u) = -u**2 + 6*u + 1. Let z = -17 - -9. Let s be (-28)/z + 6/4. Calculate q(s).
6
Suppose 11 = -f + l - 2*l, -5*f - 28 = -4*l. Let z = -5 - f. Let y(b) = -6 - b**3 + 2*b - z*b**2 + 6. Calculate y(-3).
-6
Let v(d) be the first derivative of -d**3/3 + d**2/2 - 3*d + 4. Give v(4).
-15
Let z(b) = -4*b + 607 - 604 + b. Calculate z(4).
-9
Let v(g) = -g - 11. Let n = -90 - -78. Determine v(n).
1
Let g(a) = a**3 + 20*a - 15*a - 6 - 6*a**2 + 0 + 0*a**3. What is g(5)?
-6
Suppose 5*r = r + 4. Let a(s) = 0*s - r + 2*s + s - 7*s. Calculate a(-2).
7
Let s be 1*7/((-7)/2). Let i(x) = -x - 1. Calculate i(s).
1
Let c(i) be the first derivative of -i**5/120 - i**4/3 + 4*i**3/3 - 2. Let s(p) be the third derivative of c(p). Give s(-7).
-1
Let k(x) = -2 - 2 + 2 - 11*x + 3. Calculate k(-1).
12
Suppose 0 = 5*u + 4*o - o + 45, -4*u + 2*o = 14. Let k(s) = -s**2 - 14*s + 2. Let y(x) = x**2 + 13*x - 1. Let f(d) = -4*k(d) - 5*y(d). What is f(u)?
15
Suppose 12 = 3*a - 0*a. Let t(f) be the second derivative of 4*f**3/3 + 5*f**2/2 + 2*f. Let x(l) = 7*l + 4. Let y(o) = -6*t(o) + 7*x(o). Calculate y(a).
2
Let a(m) = -m**2 + 11*m + 8. Let w be (12 + -13)/(1/(-11)). Give a(w).
8
Let n(m) be the second derivative of -m**4/12 + 2*m**3/3 + m**2 + 5*m. Give n(4).
2
Suppose -2*c = -2 - 0. Suppose q - 3 = c. Suppose 5*h = -q*s + 3*h - 24, 8 = 3*s - 5*h. Let w(k) = k**2 + 3*k + 2. Give w(s).
6
Let t(s) = -s**2 + 5*s - 5. Suppose -4*n + 19 = 3. Let l be t(n). Let u(b) = 2*b**2 - 5*b. Let k(q) = q**2 - 4*q. Let v(a) = -4*k(a) + 3*u(a). Calculate v(l).
1
Suppose -7*t + 5*t = 6. Let a(d) = -d**3 - 4*d**2 - 5*d - 2. What is a(t)?
4
Let o(l) = 3*l**2 - 3*l + 3. Let n be (174/(-145))/(3/(-5)). Give o(n).
9
Suppose 17 - 2 = 3*d. Let z(a) = -a**3 - 1 + 3*a - 3*a**2 - a - 2 - d*a. Give z(-3).
6
Let t(o) = -o**3 + 4*o**2 - 4*o. Let a(b) = -2*b**3 - 4*b**2 - 3*b - 2. Let m be a(-2). Suppose x - 10 = -5*z - m*x, 0 = 3*z - x - 10. Determine t(z).
-3
Let f(o) = -o**2 + 8*o + 2. Suppose 0 = -u - 49 + 57. Give f(u).
2
Let j(g) be the first derivative of -g**4/12 + 3*g**2/2 - 3*g - 4. Let p(r) be the first derivative of j(r). Calculate p(0).
3
Let s be 1/(3/9 - 0). Let x be (s/2)/((-1)/(-2)). Let u(i) = -3*i**2 - 2*i**3 + 3*i**x + 8*i**2 + i + 7. Calculate u(-5).
2
Let y(n) = -n**2 - 3*n + 1. Let i(g) = -g - 18. Let q be i(-15). Determine y(q).
1
Let q be (-5)/((-15)/(-9))*1. Let l(i) = -i**3 + 3*i - 1. What is l(q)?
17
Suppose -4 = -3*i + 2. Let c(d) = 4*d + 2 - d - 3*d**3 - 5*d + i*d**3 - 3*d**2. Determine c(-3).
8
Let x(a) = -39*a + 38*a + 0 - 2. Calculate x(-6).
4
Let s(z) = 5 - 2 - 4 - 4 - z. Calculate s(-5).
0
Suppose -g + 4 + 1 = 4*s, 3*g - 2*s + 13 = 0. Let j(y) be the first derivative of y**4/4 + y**3/3 - y**2 + 3*y + 3. What is j(g)?
-9
Suppose 5*x - 14 = -34, -21 = -3*a + 3*x. Suppose 0 = -3*w + h + 5, -4*h + 1 + a = 0. Let d(y) = 2*y**3 - 2*y + 2*y**2 + 2 - w*y + 4*y. Determine d(-2).
-6
Let h(k) = k**2 - 9*k + 4. Let n be h(8). Let d(y) = -y**2 - 4*y + 3. Give d(n).
3
Let k(p) = -3*p. Let a(j) = j**2 + 6*j + 6. Let o be a(-4). Let h = -4 - -4. Let m = h + o. Give k(m).
6
Let v(p) be the third derivative of -p**6/120 + p**5/30 - p**3/6 - 16*p**2 + 3. Determine v(-2).
15
Let p = 13 - 18. Let w(g) = 1 + g**3 + 11*g + 5*g**2 - 11*g. What is w(p)?
1
Let f(l) = 11*l**2 + 2 - 21*l**2 - 1 - 17*l**2. What is f(1)?
-26
Let m(h) be the first derivative of -h**4/4 - 5*h**3/3 - 2*h**2 + 4*h - 2. Let v be m(-4). Let t(i) = -2*i**2 - 1 + v*i**2 + 0*i**2. What is t(2)?
7
Let y(o) = o**3 + 6*o**2 + 4*o - 1. Let u be y(-5). Let g = -5 + u. Let w(m) = 6*m**2 + 2*m + 1. Determine w(g).
5
Let q = -1 + 4. Let r be q/2*(-8)/3. Let w(g) = -g**2 + g - 1. Let p(y) = 4*y**2 - 9*y + 2. Let h(i) = p(i) + 5*w(i). Calculate h(r).
-3
Let k(m) = m**2 - 9*m + 6. Let x be 52/6 + 4/(-6). Let i be k(x). Let s(t) = -t + 3*t - t. Determine s(i).
-2
Let x(k) = k**2 - 2*k - 7. Let t be (-4)/(-14) + 297/63. Determine x(t).
8
Let n be (-38)/(-9) - 10/45. Let z(v) = 2*v - 3. Let d be z(n). Suppose 10 = 8*a - 3*a, d*k - a - 13 = 0. Let f(b) = -b**2 + 5*b - 3. What is f(k)?
3
Let c be (-7)/(-14) - (-10)/4. Let v(j) be the third derivative of -2/3*j**c + 0 - 1/120*j**6 - 1/15*j**5 + 0*j**4 + 0*j - 3*j**2. Determine v(-4).
-4
Let l(a) = a - 2*a + 2*a + a**2. Suppose d - i - 1 = 0, 0*d - 5*d + 3*i + 3 = 0. Let v = -3 - d. What is l(v)?
6
Let r(x) = x**3. Let f(n) = 2*n + 10. Let w be f(-4). Suppose -j - w = 3*g, 3*j - j + 4 = 3*g. Give r(g).
0
Suppose 5*v - 2*h + 2 = 2*v, -4*h = -v + 6. Let r(g) = -g**3 - 3*g**2 - g + 1. Give r(v).
-1
Let m = -19 + 21. Let l(z) = -z**m - z**2 - 5*z - 10 - 4*z + z**2. Calculate l(-8).
-2
Let n(r) = r**3 + 3*r**2 - 6*r - 2. Let o be (-5 + 4)/(3/(-9)). Suppose 0 = 4*b - o*f + 15 + 10, -3*f + 13 = -b. Determine n(b).
6
Let p(d) be the second derivative of d**5/20 + d**4/6 + d**3/2 + d**2 - 2*d. Let u be (-2)/(0 - 2)*5. Let m = -7 + u. Determine p(m).
-4
Let j(c) = 2*c**2 + 4*c + 2. Let y(a) = 4*a**2 + 9*a + 4. Let s(q) = 13*j(q) - 6*y(q). Calculate s(3).
14
Let o(c) = -c**3 - 8*c**2 + c + 6. Let s be o(-8). Let z(x) = -7*x**2 + 5*x - 8. Let t(u) = 6*u**2 - 4*u + 7. Let i(h) = 6*t(h) + 5*z(h). Determine i(s).
4
Let z(y) = -y + 1. Let r(i) = 3*i - 3. Let f(a) = 2*r(a) + 7*z(a). Calculate f(8).
-7
Let d(q) be the first derivative of -q**4/4 + 8*q**3/3 - 7*q**2/2 - q - 3. Let f be d(7). Let m(b) = 5*b**2 - 1. Determine m(f).
4
Suppose -24 